by d?
6
Let l = 54 + -10. Let d = -1786 - -1798. Calculate the remainder when l is divided by d.
8
Let x be 9 - 4/4*4. Suppose x*w + 169 = 4*i, -3*i = -4*w - 46 - 80. Calculate the remainder when i is divided by 24.
22
Suppose h - 236 = -2*h + v, 5*v - 302 = -4*h. Suppose -10*u = -7*u - h. What is the remainder when u is divided by 14?
12
Calculate the remainder when 4 + 38/(-2)*-2 is divided by (-124)/(-12) + 4/6.
9
Suppose -2*a = -v + 356 - 285, -2*v - 5*a + 106 = 0. Calculate the remainder when 95 is divided by v.
32
Suppose 1099 + 29 = 141*q. Let v = 28 - 16. Suppose 1 = w - v. What is the remainder when w is divided by q?
5
Let t(r) be the first derivative of r**4/4 - 2*r**3/3 - r**2 + 2*r + 10. Calculate the remainder when 50 is divided by t(4).
24
Let w(o) = o**2 - 2*o + 7. Let p(u) = 2*u**2 + 61*u - 66. Calculate the remainder when p(-35) is divided by w(7).
39
Let t be ((-15)/12)/((-1)/8). Let g(n) = n**3 - 10*n**2 + n + 7. Let z = 16 - 10. Calculate the remainder when g(t) is divided by z.
5
Let j = -1816 + 1943. Calculate the remainder when 760 is divided by j.
125
Let a(t) = 10*t**3 + t - 1. Let u = 38 + -38. Suppose 6*d - 11*d + 195 = u. What is the remainder when d is divided by a(1)?
9
What is the remainder when 191 is divided by (2 - 5/4)/((-42)/(-952))?
4
Let u = 56 + -79. Let g = u - -21. What is the remainder when 6 is divided by ((-4)/(-6))/(g/(-15))?
1
Suppose -309 + 934 = 5*d. Calculate the remainder when d is divided by 42.
41
Let k = 601 + -598. What is the remainder when 23 is divided by k?
2
What is the remainder when ((-1)/2)/(31/(-21824)) is divided by 6?
4
Suppose 3*z = -4*s + 1129, -4*s = -7*s - z + 848. Suppose -j = -4*n + s, 5*n - 4*j - 188 = 163. Calculate the remainder when n is divided by 18.
17
Let j(c) = -12*c + 2. Let v(f) = -f + 1. Let d(g) = -j(g) + 3*v(g). Suppose m + 0*m - 1 = 0. Calculate the remainder when d(m) is divided by 3.
1
Let p(j) be the second derivative of 2*j**3/3 - 5*j**2/2 + 18*j. Calculate the remainder when p(6) is divided by 4.
3
Let c = 4 + 1. Suppose c*r = 4*s - 207, 3*r - 2*s = -0*s - 125. Let m = -20 - r. Calculate the remainder when m is divided by 6.
5
Let d = 45 - 51. What is the remainder when ((-3)/d)/(38/(-40) + 1) is divided by 4?
2
Suppose -5*u = r - 30, -8*r + 124 = -3*r - u. What is the remainder when r is divided by 15?
10
Suppose -74*q + 107*q = 4488. What is the remainder when q is divided by 39?
19
Let n(b) = b**3 - 2*b**2 + 2*b + 4. Let k be n(0). Suppose -2*m + x + 49 = 0, m + k*m = 3*x + 123. What is the remainder when m is divided by 13?
11
Suppose 0*s + 2*g = s + 6, 5*s - 2*g = 2. Let t(p) = 7*p**3 + p**2 + p + 2. Calculate the remainder when t(s) is divided by 13.
12
Let m = 170 - 120. Suppose -4*x + 23 = -45. Calculate the remainder when m is divided by x.
16
Let z(t) = -235*t + 6. Let x be z(1). Let k = 367 + x. Calculate the remainder when k is divided by 47.
44
Let j(i) = -i**2 - 10*i - 7. Let y be (0/(-1) + -6)/(-2). Suppose 0 = 2*m - y*w - 74, -4*w = -0*w + 8. What is the remainder when m is divided by j(-5)?
16
Suppose 0 = -2*i + 6. Suppose i*x = 2*b + 99, -5*x - 6*b = -b - 165. What is the remainder when 161 is divided by x?
29
Suppose 0 = -2*u + 16 + 6. Suppose -4*a + 14 = 2*d - 16, 2*d - 4*a - 22 = 0. Calculate the remainder when d is divided by u.
2
Let w(q) = q + 1. Let o be w(1). What is the remainder when (3/(-4))/(o/(-8)) is divided by 2?
1
Let j(y) = 5 + 1 + 7 - 2 - 5*y. Let k be j(5). Let z = k + 29. Calculate the remainder when 43 is divided by z.
13
Let l(h) = -h - 13. Let x be l(-14). Suppose 228 = a + 3*a. Calculate the remainder when a is divided by 22/(x - -1) - -1.
9
Let q(k) = 4*k. Let z(v) = v**2 - 9*v - 2. Let f be z(7). Let w be f/(-4)*(-2)/(-4). What is the remainder when 30 is divided by q(w)?
6
Suppose 2*c = -2 + 48. Let p(y) = 3*y**3 - 12*y**2 + 4*y - 8. Calculate the remainder when p(5) is divided by c.
18
Let w be 18/63 - 416/(-14). Suppose -3*v = -b - b + 25, -2*v = -2*b + w. Calculate the remainder when b is divided by 6.
2
Suppose 4*t = 21 + 15. Suppose 14 = -4*l + 146. What is the remainder when l is divided by t?
6
Suppose 2*u - k = k + 36, -u - 2*k + 12 = 0. Suppose -3*m = -3*p - 15, -m - 5*p = -p + 5. What is the remainder when u is divided by m?
1
Let f(x) = 3*x**3 + 0*x**2 - 1 + 4*x - 2*x**3 - 7*x**2 - x**2. Let r be f(3). Let z = -18 - r. Calculate the remainder when 62 is divided by z.
14
Let n(p) = p**2 + 7*p + 3. Let y be n(-7). Suppose -5*b + 40 = 5*z, 0 = 5*b - 2*z + y*z - 20. What is the remainder when (b/6)/(2/172) is divided by 15?
13
Calculate the remainder when ((-893)/76 + 5)*-12 is divided by (11 - 1/(-1))/1.
9
Suppose 5*g = 2*j + j + 129, 0 = 2*j + 6. Calculate the remainder when -3*((-27)/(-81) - (-70)/(-3)) is divided by g.
21
Let q = -141 + 146. Suppose 0*f + 8 = -f. Let s = 22 + f. What is the remainder when s is divided by q?
4
Let t be -9*56/(-132) + 2/11. Suppose t*x - 43 = 101. Calculate the remainder when x is divided by 10.
6
Suppose -3*k = -5*b + 37, 5*b + 8*k = 5*k + 43. Let x = 22 + b. Calculate the remainder when x is divided by 16.
14
Let n = 19 + 15. Calculate the remainder when (-6)/(-4)*(-6700)/(-75) is divided by n.
32
Let s(y) = y**3 + 15*y**2 + 8*y - 79. What is the remainder when 38 is divided by s(-14)?
3
Suppose -4*k + c + 87 = 0, 5*c - 122 = -3*k - 28. Let n = -29 + k. What is the remainder when (-69)/n*10/5 is divided by 5?
3
Let w(x) be the first derivative of -2*x**2 - 23*x + 4. What is the remainder when w(-11) is divided by 0 + -2 - (-14 - 0)?
9
Suppose -3*w = -3*d - 3, 3*w - 19 = d - 8. Let o(m) = 6*m**2 + 4*m. Let c be o(-3). Suppose 0 = -4*q + w*q - c. Calculate the remainder when q is divided by 11.
9
Let p(r) = r - 9. Let o be p(10). Calculate the remainder when 152 is divided by (1 - (-2 - -2))*51*o.
50
Let j(x) = -2*x**2 - 72*x - 87. What is the remainder when 340 is divided by j(-34)?
46
Let f(s) = 2*s + 6 - 3*s + 7 + 1. What is the remainder when 3 is divided by f(11)?
0
What is the remainder when 223 is divided by (310/15 + -2)*3?
55
Let n(o) = 3*o**2 - 2*o - 2. What is the remainder when (2 + (-69)/9)*(-42 - -30) is divided by n(-2)?
12
Suppose -6 = -p + 5*z, -p - 5*z = 6 - 2. Suppose 6*h = 53 + p. Suppose j + 2 = h. Calculate the remainder when 12 is divided by j.
5
What is the remainder when 292 is divided by (-3 - (-66)/15)*(-30)/(-2)?
19
Suppose u - 40 = -4*u - 5*y, 2*y = 2*u - 4. Suppose u*o + 4*x - 164 - 176 = 0, 0 = -2*o - 3*x + 136. Calculate the remainder when o is divided by 19.
11
Let d(i) = -11*i - 166. Calculate the remainder when d(-31) is divided by 19.
4
Suppose -3*b = 239 + 97. Let p = 18 - 81. Let g = p - b. Calculate the remainder when g is divided by 17.
15
Let p(o) = -o**3 + 8*o**2 - 3*o - 2. Let n = 23 + -66. Let z = n - -49. What is the remainder when p(3) is divided by z?
4
Suppose -g = 8*g - 117. What is the remainder when 309 is divided by g?
10
Let p(r) = 3 + 0 + r + 0*r + 1. Let t be p(0). Calculate the remainder when 26 is divided by 9 + (t/1 - 3).
6
Suppose -3*u - 7*h + 1 = -6*h, -4*u = 2*h + 2. What is the remainder when 4 is divided by u/8 - (-3)/4?
0
Let c(b) = -b**2 - 11*b + 10. Let d be 6/15 + (-156)/15. What is the remainder when 55 is divided by c(d)?
15
Let y be (-2)/6 - (-132)/18. Let h(i) = -i**3 + 7*i**2 + i + 5. Let l(w) = w**2 - 2*w - 1. Calculate the remainder when l(6) is divided by h(y).
11
Suppose -2*s + 0 = 2, 2*k = 4*s + 8. Let p(t) = t**2 + 31*t - 53. What is the remainder when p(2) is divided by k?
1
Let h = -58 + 159. Let i = -56 + h. Calculate the remainder when i is divided by 17.
11
Suppose -1653 - 1187 = -10*s. Calculate the remainder when s is divided by 36.
32
Let s = -167 - -239. Let q = 52 + s. Calculate the remainder when q is divided by 18.
16
What is the remainder when 568/(-6)*(-105)/70 is divided by 36?
34
Let l = 30 - 5. Let w = 20 + l. What is the remainder when 133 is divided by w?
43
Let g(y) = y**3 + 12*y**2 - y + 6. Let n = 6 + -18. Let z = 7 - 2. Calculate the remainder when g(n) is divided by z.
3
What is the remainder when 78 is divided by (11/(-5))/((9/3)/(-15))?
1
Suppose -4*t + n + 687 = 0, -3*t - 12*n + 525 = -16*n. Calculate the remainder when t is divided by 49.
24
Suppose 2*s - 5*